{"id":14,"date":"2020-11-02T17:48:18","date_gmt":"2020-11-02T17:48:18","guid":{"rendered":"http:\/\/pfaffstaettner-stueberl.at\/?page_id=14"},"modified":"2026-04-18T10:24:21","modified_gmt":"2026-04-18T09:24:21","slug":"mittagsmenueplan-vom-2-11-2020-bis-8-11-2020","status":"publish","type":"page","link":"https:\/\/pfaffstaettner-stueberl.at\/?page_id=14","title":{"rendered":"Wochenmen\u00fcplan"},"content":{"rendered":"\n<p class=\"has-text-align-center has-vivid-red-color has-text-color has-medium-font-size\"><strong>Pfaffst\u00e4ttner St\u00fcberl 20.04.2026 &#8211; 26.04.2026<\/strong><\/p>\n\n\n\n<p class=\"has-text-align-center\"><strong>K\u00fcche t\u00e4glich von 11.30 Uhr bis 14.00 Uhr<\/strong><\/p>\n\n\n\n<p class=\"has-text-align-center\"><strong>Montag bis Freitag \u20ac 11,00<\/strong><\/p>\n\n\n\n<p class=\"has-vivid-red-color has-text-color\" style=\"font-size:18px\"><strong>Wochenspezial:<\/strong><\/p>\n\n\n\n<p class=\"has-vivid-red-color has-text-color has-link-color wp-elements-042627cafd7671c1f2bc3a38c6b46270\"><strong>Kalbsgulasch mit Nockerln &amp; Salat; A,F,L,G,C \u20ac 15,50<\/strong><\/p>\n\n\n\n<p class=\"has-vivid-red-color has-text-color has-link-color wp-elements-fd2e5a721cbda7df0ed9f61ae53a1f4b\"><strong>H\u00fchner Herzerl Pfanne mit Nudeln; A,F,L,O  \u20ac 13,50<\/strong><\/p>\n\n\n\n<p><strong>Montag:<\/strong><\/p>\n\n\n\n<p class=\"has-black-color has-text-color has-link-color wp-elements-ba9520678e628eeca79cadb95701895e\">Gekochtes Rindfleisch mit Rahmfisolen &amp; Kartoffeln; A,F,L,G<\/p>\n\n\n\n<p>Gegrillte Knacker mit R\u00f6stkartoffeln &amp; Salat; A,F,L,M<\/p>\n\n\n\n<p class=\"has-black-color has-text-color\"><strong>Dienstag:<\/strong> <\/p>\n\n\n\n<p class=\"has-black-color has-text-color\">Schweinsschnitzel &#8222;Wiener Art&#8220; mit Salat; A,C,G<\/p>\n\n\n\n<p>Gem\u00fcse Nudel Auflauf mit Salat; A,F,L,M,C,G<\/p>\n\n\n\n<p><strong>Mittwoch:<\/strong><\/p>\n\n\n\n<p class=\"has-black-color has-text-color\">1\/2 Backhuhn mit Salat; A,C,G<\/p>\n\n\n\n<p class=\"has-black-color has-text-color has-link-color wp-elements-9484d427904dcf0704573e3448409392\">Krautfleckerln; A,F,L,<\/p>\n\n\n\n<p>D<strong>onnerstag:<\/strong><\/p>\n\n\n\n<p class=\"has-black-color has-text-color\">Sur Braten mit Sauerkraut &amp; Kn\u00f6del; A,F,L,G,C,O<\/p>\n\n\n\n<p class=\"has-black-color has-text-color has-link-color wp-elements-f5865401133ccf0af398d141313cd7ba\">Gem\u00fcselaibchen mit Salat &amp; Sauce Tatar; A,F,L,C,G,M<\/p>\n\n\n\n<p class=\"has-text-align-left\"><strong>Freitag<\/strong>:<\/p>\n\n\n\n<p class=\"has-text-align-left has-black-color has-text-color\">Dorsch Filet gebacken mit Salat; D,A,C,G<\/p>\n\n\n\n<p>Topfenpalatschinken mit Vanillesauce; A,C,G<\/p>\n\n\n\n<p class=\"has-vivid-red-color has-text-color has-link-color wp-elements-afece827247b89ef90de9247506e5db1\"><strong>Lachsfilet auf Spargelragout mit Petersilienkartoffeln; D,A,F,L,G,O \u20ac 15,50<\/strong><\/p>\n\n\n\n<p class=\"has-text-align-center has-vivid-red-color has-text-color\"><strong>Samstag &amp; Sonntag:<\/strong> <strong>Ruhetag<\/strong><\/p>\n\n\n\n<p class=\"has-vivid-red-color has-text-color has-link-color wp-elements-62981d98746547a94e9d626ec7efb38e\" style=\"font-size:16px\"><\/p>\n\n\n\n<p><\/p>\n","protected":false},"excerpt":{"rendered":"<p>Pfaffst\u00e4ttner St\u00fcberl 20.04.2026 &#8211; 26.04.2026 K\u00fcche t\u00e4glich von 11.30 Uhr bis 14.00 Uhr Montag bis Freitag \u20ac 11,00 Wochenspezial: Kalbsgulasch mit Nockerln &amp; Salat; A,F,L,G,C \u20ac 15,50 H\u00fchner Herzerl Pfanne mit Nudeln; A,F,L,O \u20ac 13,50 Montag: Gekochtes Rindfleisch mit Rahmfisolen &amp; Kartoffeln; A,F,L,G Gegrillte Knacker mit R\u00f6stkartoffeln &amp; Salat; A,F,L,M Dienstag: Schweinsschnitzel &#8222;Wiener Art&#8220; mit [&hellip;]<\/p>\n","protected":false},"author":1,"featured_media":0,"parent":0,"menu_order":0,"comment_status":"closed","ping_status":"closed","template":"","meta":{"footnotes":""},"class_list":["post-14","page","type-page","status-publish","hentry"],"_links":{"self":[{"href":"https:\/\/pfaffstaettner-stueberl.at\/index.php?rest_route=\/wp\/v2\/pages\/14","targetHints":{"allow":["GET"]}}],"collection":[{"href":"https:\/\/pfaffstaettner-stueberl.at\/index.php?rest_route=\/wp\/v2\/pages"}],"about":[{"href":"https:\/\/pfaffstaettner-stueberl.at\/index.php?rest_route=\/wp\/v2\/types\/page"}],"author":[{"embeddable":true,"href":"https:\/\/pfaffstaettner-stueberl.at\/index.php?rest_route=\/wp\/v2\/users\/1"}],"replies":[{"embeddable":true,"href":"https:\/\/pfaffstaettner-stueberl.at\/index.php?rest_route=%2Fwp%2Fv2%2Fcomments&post=14"}],"version-history":[{"count":299,"href":"https:\/\/pfaffstaettner-stueberl.at\/index.php?rest_route=\/wp\/v2\/pages\/14\/revisions"}],"predecessor-version":[{"id":784,"href":"https:\/\/pfaffstaettner-stueberl.at\/index.php?rest_route=\/wp\/v2\/pages\/14\/revisions\/784"}],"wp:attachment":[{"href":"https:\/\/pfaffstaettner-stueberl.at\/index.php?rest_route=%2Fwp%2Fv2%2Fmedia&parent=14"}],"curies":[{"name":"wp","href":"https:\/\/api.w.org\/{rel}","templated":true}]}}